60 = -f*b - 2*b. Is l a prime number?
True
Is 16828/20 + (-5)/((-50)/(-4)) prime?
False
Let k be ((-1)/3)/(3/(-45)). Suppose k*a = 496 + 34. Is a composite?
True
Let l(b) = -2*b**3 + b**2 - b - 1. Let r be l(-1). Let v = 85 - r. Is v a prime number?
False
Let k(h) = -h**2 - 3*h + 4. Let w(z) = -z**2 - 3*z + 5. Let u(g) = -5*k(g) + 4*w(g). Let a be u(-4). Suppose 0 = -d + a*d - 39. Is d prime?
True
Suppose 0 = -3*w - 4 + 13. Suppose 5*g + o - 252 = 0, -106 = -w*g - o + 44. Suppose 21 = 2*b - 5*k, -g = -b - b - k. Is b composite?
False
Suppose -2*m = -321 - 1349. Suppose -5*k - m = -5*q, 0*k = 3*k + 12. Is q composite?
False
Suppose 346 + 35 = 3*z. Suppose -2*w + z = o, 98 + 29 = o + 4*w. Is o composite?
False
Let a = -170 + 364. Let k = 14 + -11. Suppose 5*j - a = k*j. Is j composite?
False
Let k(c) = c**3 - 4*c**2 - 3*c + 5. Let z be -1 - 2 - -1 - -8. Let d be k(z). Suppose -3*r = -3*i - 48, 0 = 3*r - 4*i + 9 - d. Is r a prime number?
False
Let h = 296 + -91. Is h a prime number?
False
Let d(a) = 69*a + 11. Is d(3) a composite number?
True
Suppose 2*c - c - 2 = -4*k, 3*k - c + 2 = 0. Let f(p) = p + 19. Is f(k) composite?
False
Let o(c) = c**3 + 4*c**2 - 6*c + 1. Let u = -9 - -3. Let f be o(u). Is (-430)/(-14) - 10/f a prime number?
True
Suppose 2*n + 4 = 4*n. Let j = n + -6. Let b(d) = 11*d**2 + 4*d - 3. Is b(j) a composite number?
False
Suppose -2*g - 5*z = -1035, 2*z = 2*g - 0*g - 1000. Is g composite?
True
Is (-15384)/(-60) - (-3)/5 a composite number?
False
Let c be 1*(2 + 6/2). Let b = -3 + c. Let d = b - -12. Is d a prime number?
False
Suppose 3*r - 1727 - 5836 = 0. Is r a prime number?
True
Let j(p) = -1 - 94*p - 4 + 2. Is j(-2) a prime number?
False
Let h = -6 - -8. Suppose -3*b - h*u + 6*u + 419 = 0, 0 = 3*b + 4*u - 427. Is b composite?
True
Let s = -8 + 2. Let r(v) = -3*v + 3*v**2 - 5*v + 2*v**2 - 6 + v**3. Is r(s) prime?
False
Let y be (1*-1)/(5/(-365)). Let f = y + -36. Is f prime?
True
Suppose -2*v + 5*w - w = -154, 0 = -2*v + 2*w + 146. Is v a composite number?
True
Let q be (-2)/4 + (-20)/8. Let s be q/(5/((-20)/6)). Is s/(-6) + 76/12 a composite number?
True
Let u = -7 - -12. Suppose 4*b + 3 = 2*b + a, u*a = -b - 18. Let y(q) = -q**2 - 4*q + 4. Is y(b) a prime number?
True
Let p = -179 + 337. Suppose -13 + p = u. Is u a composite number?
True
Let i(d) = -d**2 - 5*d - 5. Let p be i(-4). Is (0 - (-80 - 0)) + p composite?
False
Let x(k) = 7 - 3*k**2 - 5*k - 3*k**2 + 7*k**2. Is x(8) a composite number?
False
Let h(x) = -x**3 + 12*x**2 - 9*x + 5. Let l be h(11). Let f = l + -13. Is f a prime number?
False
Is 15/(-30)*(-1964 + 0) prime?
False
Let k(p) = 44*p + 13. Is k(12) prime?
True
Is (-7)/14*(0 - 446) a prime number?
True
Let t(i) = 4*i**2 - 3*i - 3. Let g be t(-2). Let o = g - 4. Is o a prime number?
False
Let h(v) be the third derivative of 209*v**6/120 + 2*v**2. Is h(1) composite?
True
Suppose -8*z + 15*z = 10801. Is z prime?
True
Suppose 10 = 5*g - 3*q, 2*g - 4*q - 2 = 2. Is 253/2 + 1/g composite?
False
Let w = 19 - 11. Let b(i) = i**3 + 8*i**2 - i + 3. Let f be b(-8). Let u = w + f. Is u a prime number?
True
Let d(l) = -2*l**3 + 6*l**2 + 6*l - 1. Is d(-6) a composite number?
True
Is 65/(-2)*48/(-60) prime?
False
Let d(j) = -j**2 - 9*j - 4. Let r be d(-8). Suppose r = -5*z - 21. Is (-383)/z + 4/10 composite?
True
Suppose -3*d + 957 = 3*h - 0*h, -2*h = -3*d + 947. Is d a prime number?
True
Suppose 5*d - 4*m = 623, m - 161 - 96 = -2*d. Is d prime?
True
Let p = -1696 - -2585. Is p a composite number?
True
Let w(d) = d**2 + 5*d + 3. Suppose 5*g + 37 = -3*k, -2*g - g + k = 11. Let h be w(g). Suppose -h = -2*r + 11. Is r a prime number?
True
Let x(v) = -2*v**3 + 6*v**2 + 7*v - 3. Let u(l) = -3*l - 4. Let k be u(-3). Let a be x(k). Let h = a + 105. Is h a composite number?
False
Is (-5 - (-445 - -2)) + -1 composite?
True
Let g = 244 - 81. Let f be (2 + (-6)/4)*6. Suppose f*q - g - 320 = 0. Is q composite?
True
Let m = 3 + 0. Is (2/m)/(4/402) prime?
True
Suppose 7*b - 12890 + 3349 = 0. Is b a prime number?
False
Is (0 - -1)/((-3)/522*-3) a prime number?
False
Let j be (12/(-15))/(1/5). Is (74/j)/(3/(-6)) a composite number?
False
Suppose -l = -4*a - 1717, 1987 = 2*l + 3*a - 1458. Is l a prime number?
True
Let u(p) = -3*p**2 - 9*p - 2. Let a(r) = -2*r**2 - 5*r - 1. Let h(n) = -5*a(n) + 3*u(n). Is h(-4) a prime number?
True
Let o(f) = f**2 - 7*f + 3. Let j be o(7). Let t(i) be the first derivative of 17*i**2/2 - 2*i - 2. Is t(j) a composite number?
True
Suppose 3*u - 35 = 10. Is (-1191)/(-15) + (-6)/u a prime number?
True
Let w = 637 - 350. Is w a prime number?
False
Let z = -948 - -1345. Is z prime?
True
Is ((-737)/(-1))/(0 - -1) a composite number?
True
Suppose 546 = 4*w - 1978. Is w prime?
True
Suppose 0 = 2*k - 25 - 13. Suppose -y + 7 = -k. Let w = y + -12. Is w composite?
True
Let z = 17 + -12. Suppose 25 = -z*x, s - 16 = 2*s + 4*x. Suppose -155 = -s*h + 3*w, -3*h - w - 40 = -4*h. Is h prime?
False
Let k = 110 - 15. Is k a prime number?
False
Suppose -3*r + 4*l = -0*r - 87, -r + 29 = 3*l. Let d = r + -68. Let u = d - -76. Is u composite?
False
Suppose 0 = 7*h - 3*h + 2*m - 26, 0 = -2*h + m + 3. Suppose -h = -2*l, -5*l = 2*z - 8*l + 4. Let u = z + 20. Is u prime?
False
Let x = -84 + 47. Let n = x + -8. Is 6/2 + -1 - n a prime number?
True
Suppose 0*d - 10 = -5*d. Let b(c) = -5*c**d + 2 - 2*c**2 - 1 + 8 - 2*c - c**3. Is b(-8) prime?
True
Suppose -5*b + 1035 = -4*y, 0*b + 4*y = -4*b + 792. Is b a prime number?
False
Let k(r) = 1950*r**2 - 2*r - 3. Is k(-1) a prime number?
True
Let p(t) = t**2 + 7*t - 2. Let d be p(-7). Let r = d - -2. Suppose o - 4*u = -2, -o - 1 = -r*o - 3*u. Is o a prime number?
True
Let w be -6*(-4)/3 + -2. Let v(p) = 13*p - 1. Is v(w) composite?
True
Let m(n) = 3*n**2 - 3*n + 7. Is m(-8) a prime number?
True
Suppose 4*v - 2*t = -v + 274, -289 = -5*v - 3*t. Suppose 0*y = -2*y + v. Suppose -3*h + 131 = -y. Is h a prime number?
True
Let l(u) = 4*u**2 - 3. Let b be l(3). Let i = 64 - b. Is i composite?
False
Is ((-1)/1)/(1810/1811 + -1) prime?
True
Let n = 9 + -7. Let g(q) = n*q + 1 + 8*q + 0*q. Is g(2) prime?
False
Let h(s) = -431*s - 9. Is h(-2) prime?
True
Let n(u) = -75*u - 6. Is n(-9) prime?
False
Let u be 93*-2*1/(-6). Suppose 0 = 2*s - 2*m + 10 - 4, u = 3*s + 5*m. Suppose s*c + 198 = 4*q, -3*q + q + 4*c = -114. Is q a prime number?
True
Is -133*(1 + (-6)/3) a prime number?
False
Is 273/(-7)*7*1/(-3) composite?
True
Suppose -o - 2*w - 4 = -37, -2*o + 2*w + 84 = 0. Let k(y) = 2*y - 5. Let r be k(4). Suppose -o - 162 = -r*m. Is m a prime number?
True
Let s = 84 + 16. Suppose 2*w = 7*w - 2*i - s, 0 = 4*i - 20. Is w a prime number?
False
Let c(k) = -7*k**3 + 8*k**2 + 2*k - 6. Is c(-5) a composite number?
True
Is 1 - (-185 - (1 + -2)) a composite number?
True
Let o(f) = -2*f - 1. Let i be o(-1). Suppose -3*c + 9 = 2*v, -5*v + 5 = -10. Is (-127)/(0 - c/i) prime?
True
Let m be 2/6 - (-3)/(-9). Suppose -p + 0 - 3 = m. Is (-39)/(-9)*(p + 18) prime?
False
Suppose -4*q - 4*u = -16, 2*u - 20 = -3*q - 7. Let d(i) = i**3 - 6*i**2 + 5*i + 6. Is d(q) prime?
False
Is 2 + 679 + (3 - -1) composite?
True
Suppose 327 = f + 2*f. Suppose 6*m - 5*m - f = 4*c, c + 3 = 0. Is m a prime number?
True
Let w = -48 - -67. Let o = -10 + w. Suppose -r + 5 = -o. Is r a prime number?
False
Suppose -2*l = 12 - 36. Let a be l/(-7)*(-7)/2. Suppose -268 = 2*m - a*m. Is m prime?
True
Let m = 105 + -54. Is m prime?
False
Let d = -2 - -1. Is 3/d + 2 + 128 composite?
False
Suppose 2*c = 5*c - 291. Is c composite?
False
Let t(o) be the first derivative of 39*o**2/2 + o + 2. Let k be t(2). Suppose -5*n + k = -106. Is n composite?
False
Is (-324)/(-14) - 6/42 composite?
False
Suppose 0 = d - 2*b - 16, 4*d + 3*b = -b + 40. Let c = d + 37. Is c a composite number?
True
Let n(r) = -4*r**2 - 6*r - 1. Let q be n(-4). Let o(x) = 2*x**2 + 3*x - 2. Let v be o(-4). Let p = v - q. Is p a composite number?
False
Suppose -2*r = -4*m - 149 + 31, 5*m + 50 = r. Is r a prime number?
False
Let q be 0 + 0 - (-15)/3. Let n = q - -18. Suppose n + 14 = f. Is f a prime number?
True
Let n = 200 + -142. Is n composite?
True
Let s(m) = m**2 + 3*m - 5. Let k be s(-5). Suppose -5 = k*i - 3*g, -4*i + 3 = 3*g + 7. Let b = 20 - i. Is b a prime number?
False
Let p(h) = -232*h + 3. I